768.
663
What is the remainder when 1751233267 is divided by 1223?
1222
What is the remainder when 11128 is divided by 3483?
679
Calculate the remainder when 26246218 is divided by 158.
48
Calculate the remainder when 11075360 is divided by 12600.
12560
What is the remainder when 49020057 is divided by 32?
25
What is the remainder when 982053 is divided by 87?
84
What is the remainder when 544894 is divided by 272379?
136
What is the remainder when 18551201 is divided by 348?
17
Calculate the remainder when 14530969 is divided by 1930.
1929
What is the remainder when 86850 is divided by 7892?
38
What is the remainder when 1537127758 is divided by 1712?
1710
Calculate the remainder when 81048 is divided by 40409.
230
What is the remainder when 447555 is divided by 4855?
895
What is the remainder when 37564 is divided by 2350?
2314
Calculate the remainder when 3239697 is divided by 11171.
107
Calculate the remainder when 8321998 is divided by 2773686.
940
Calculate the remainder when 2020481 is divided by 790.
451
Calculate the remainder when 417331 is divided by 108.
19
Calculate the remainder when 1535640 is divided by 1535495.
145
What is the remainder when 766196 is divided by 735?
326
What is the remainder when 5594157 is divided by 111883?
7
Calculate the remainder when 4669277 is divided by 140.
137
What is the remainder when 452643 is divided by 587?
66
Calculate the remainder when 92202884 is divided by 18440574.
14
Calculate the remainder when 3338287 is divided by 1943.
213
Calculate the remainder when 130852 is divided by 31989.
2896
Calculate the remainder when 6594952 is divided by 120.
112
What is the remainder when 553886 is divided by 40?
6
What is the remainder when 40836984 is divided by 116?
112
What is the remainder when 10610552 is divided by 3825?
2
Calculate the remainder when 11539063 is divided by 2146.
21
Calculate the remainder when 57671996 is divided by 1000.
996
What is the remainder when 253650331 is divided by 14?
11
Calculate the remainder when 46564144 is divided by 15521369.
37
Calculate the remainder when 616141 is divided by 1514.
1457
What is the remainder when 18449993 is divided by 241?
238
Calculate the remainder when 1624603 is divided by 126.
85
Calculate the remainder when 136737 is divided by 9114.
27
Calculate the remainder when 200294 is divided by 2460.
1034
Calculate the remainder when 200977 is divided by 18255.
172
Calculate the remainder when 1544084 is divided by 662.
300
What is the remainder when 2438798 is divided by 9203?
3
Calculate the remainder when 4428189 is divided by 631.
462
What is the remainder when 12764995 is divided by 4440?
4435
Calculate the remainder when 1283415 is divided by 420.
315
What is the remainder when 19231224 is divided by 722?
32
What is the remainder when 131040 is divided by 7648?
1024
What is the remainder when 1156918 is divided by 25708?
58
What is the remainder when 15521620 is divided by 3543?
3280
Calculate the remainder when 1651089 is divided by 27067.
2
Calculate the remainder when 1942544 is divided by 51119.
22
Calculate the remainder when 929025 is divided by 309302.
1119
Calculate the remainder when 16380870 is divided by 248195.
0
What is the remainder when 774623 is divided by 6567?
6284
What is the remainder when 2007578 is divided by 3275?
3
Calculate the remainder when 1820755 is divided by 1820740.
15
What is the remainder when 19933103 is divided by 666?
389
Calculate the remainder when 167303 is divided by 81439.
4425
Calculate the remainder when 337886520 is divided by 117.
114
Calculate the remainder when 9962035 is divided by 50.
35
What is the remainder when 771912 is divided by 745?
92
Calculate the remainder when 1264099 is divided by 5357.
5204
What is the remainder when 1743511 is divided by 12278?
35
Calculate the remainder when 381754863 is divided by 802006.
7
What is the remainder when 541766 is divided by 447?
2
What is the remainder when 118878 is divided by 8783?
4699
What is the remainder when 95313 is divided by 23248?
2321
What is the remainder when 15998756 is divided by 8?
4
What is the remainder when 9528872 is divided by 339?
260
What is the remainder when 2650001 is divided by 883264?
209
Calculate the remainder when 115752063 is divided by 114.
111
What is the remainder when 125626 is divided by 20923?
88
What is the remainder when 179324 is divided by 3176?
1468
What is the remainder when 121078 is divided by 10949?
639
Calculate the remainder when 1239475 is divided by 36455.
5
What is the remainder when 5899972 is divided by 11706?
148
What is the remainder when 9022935 is divided by 52?
51
Calculate the remainder when 995028 is divided by 34294.
502
What is the remainder when 31316 is divided by 5353?
4551
Calculate the remainder when 10627655 is divided by 4194.
59
What is the remainder when 1374829 is divided by 98?
85
Calculate the remainder when 31610 is divided by 9301.
3707
Calculate the remainder when 598693 is divided by 598682.
11
Calculate the remainder when 25743076 is divided by 205.
201
Calculate the remainder when 581296 is divided by 129.
22
Calculate the remainder when 25740571 is divided by 24.
19
Calculate the remainder when 436411 is divided by 11484.
19
What is the remainder when 8824363 is divided by 88?
75
Calculate the remainder when 331626 is divided by 857.
824
What is the remainder when 23115184 is divided by 502504?
0
Calculate the remainder when 926279 is divided by 8497.
106
What is the remainder when 12878260 is divided by 65?
5
Calculate the remainder when 3886811 is divided by 348.
347
What is the remainder when 502528 is divided by 1083?
16
Calculate the remainder when 191309 is divided by 573.
500
Calculate the remainder when 23111652 is divided by 8472.
36
Calculate the remainder when 18020950 is divided by 859.
848
What is the remainder when 1458230 is divided by 1800?
230
What is the remainder when 2606088 is divided by 4277?
1395
Calculate the remainder when 196341257 is divided by 3.
2
What is the remainder when 12129973 is divided by 21?
16
Calculate the remainder when 259907 is divided by 37.
19
What is the remainder when 23095876 is divided by 119?
118
Calculate the remainder when 1735208 is divided by 867587.
34
What is the remainder when 12009992 is divided by 5484?
32
What is the remainder when 27957710 is divided by 5?
0
Calculate the remainder when 919905 is divided by 9291.
96
What is the remainder when 13220880 is divided by 1645?
15
Calculate the remainder when 3746460 is divided by 21.
18
What is the remainder when 165254520 is divided by 55084818?
66
Calculate the remainder when 12866283 is divided by 12866278.
5
Calculate the remainder when 2909265 is divided by 727263.
213
Calculate the remainder when 2010188156 is divided by 360.
356
Calculate the remainder when 3430283 is divided by 452.
55
Calculate the remainder when 2060279 is divided by 1077.
1055
What is the remainder when 87696 is divided by 21784?
560
Calculate the remainder when 16844327 is divided by 126649.
10
Calculate the remainder when 784517 is divided by 1986.
47
What is the remainder when 149590 is divided by 814?
628
What is the remainder when 65466830 is divided by 5651?
5646
What is the remainder when 15424770 is divided by 21?
18
Calculate the remainder when 8771839 is divided by 1754367.
4
Calculate the remainder when 10626 is divided by 738.
294
What is the remainder when 2641776 is divided by 1320884?
8
What is the remainder when 1593717 is divided by 30646?
125
Calculate the remainder when 4474828 is divided by 45.
28
What is the remainder when 26160129 is divided by 26160128?
1
What is the remainder when 1379726 is divided by 679?
677
What is the remainder when 22511320 is divided by 432910?
0
What is the remainder when 2374778 is divided by 10281?
10148
What is the remainder when 67812 is divided by 22248?
1068
Calculate the remainder when 66540 is divided by 1621.
79
Calculate the remainder when 51310482 is divided by 2412.
6
Calculate the remainder when 1375627 is divided by 246.
241
Calculate the remainder when 290876 is divided by 5605.
5021
Calculate the remainder when 25931221 is divided by 123482.
1
What is the remainder when 11941930 is divided by 674?
672
What is th